ime factors of 9482.
2, 11, 431
What are the prime factors of 63557?
13, 4889
What are the prime factors of 814552?
2, 29, 3511
List the prime factors of 23929553.
29, 53, 15569
List the prime factors of 4244976.
2, 3, 41, 719
List the prime factors of 227004.
2, 3, 18917
List the prime factors of 10378820.
2, 5, 691, 751
What are the prime factors of 435383?
13, 107, 313
What are the prime factors of 1619523?
3, 179947
List the prime factors of 6616133.
887, 7459
What are the prime factors of 1275947?
1275947
What are the prime factors of 3554064?
2, 3, 19, 433
List the prime factors of 697006.
2, 37, 9419
List the prime factors of 2461138.
2, 23, 53503
List the prime factors of 837931.
837931
List the prime factors of 40574.
2, 20287
List the prime factors of 5232718.
2, 2616359
List the prime factors of 1148317.
59, 19463
List the prime factors of 10047703.
10047703
List the prime factors of 497563.
11, 45233
What are the prime factors of 210886?
2, 13, 8111
List the prime factors of 3890076.
2, 3, 17, 19069
What are the prime factors of 2402777?
13, 184829
What are the prime factors of 1195954?
2, 23, 25999
What are the prime factors of 4383?
3, 487
List the prime factors of 366689.
23, 107, 149
What are the prime factors of 1517742?
2, 3, 84319
List the prime factors of 437299.
23, 19013
List the prime factors of 353653.
353653
List the prime factors of 713324.
2, 151, 1181
List the prime factors of 115694.
2, 57847
What are the prime factors of 4502159?
4502159
What are the prime factors of 2409833?
2409833
List the prime factors of 786474.
2, 3, 13, 3361
What are the prime factors of 7594142?
2, 3797071
List the prime factors of 1509722.
2, 754861
List the prime factors of 1994001.
3, 664667
List the prime factors of 3945248.
2, 123289
What are the prime factors of 972313?
972313
What are the prime factors of 1825876?
2, 13, 37, 73
What are the prime factors of 17233446?
2, 3, 1667, 1723
What are the prime factors of 2933882?
2, 7, 209563
What are the prime factors of 1891271?
1013, 1867
What are the prime factors of 154146?
2, 3, 23, 1117
List the prime factors of 3573857.
7, 510551
What are the prime factors of 31826?
2, 15913
List the prime factors of 1332130.
2, 5, 133213
What are the prime factors of 8422267?
7, 29, 5927
What are the prime factors of 1174160?
2, 5, 13, 1129
What are the prime factors of 9718606?
2, 1433, 3391
What are the prime factors of 11171340?
2, 3, 5, 53, 1171
List the prime factors of 6866088.
2, 3, 73, 3919
What are the prime factors of 3142336?
2, 37, 1327
List the prime factors of 6446201.
569, 11329
What are the prime factors of 55707?
3, 31, 599
List the prime factors of 2775470.
2, 5, 277547
List the prime factors of 392636.
2, 103, 953
List the prime factors of 1015539.
3, 7, 37, 1307
What are the prime factors of 5739788?
2, 23, 89, 701
List the prime factors of 45141.
3, 41, 367
What are the prime factors of 444004?
2, 11, 10091
What are the prime factors of 352633?
352633
What are the prime factors of 9019637?
11, 43, 19069
List the prime factors of 585964.
2, 263, 557
List the prime factors of 43783.
43783
List the prime factors of 7989667.
7, 1141381
What are the prime factors of 135718?
2, 11, 31, 199
List the prime factors of 227080.
2, 5, 7, 811
What are the prime factors of 13683916?
2, 1811, 1889
List the prime factors of 690982.
2, 17, 20323
List the prime factors of 254329.
254329
List the prime factors of 7404696.
2, 3, 13, 293
List the prime factors of 4562668.
2, 11, 857
List the prime factors of 25912143.
3, 19, 113, 149
What are the prime factors of 644548?
2, 161137
List the prime factors of 214715.
5, 42943
List the prime factors of 246597.
3, 13, 6323
What are the prime factors of 11517650?
2, 5, 230353
List the prime factors of 261139.
43, 6073
List the prime factors of 36764.
2, 7, 13, 101
List the prime factors of 16189818.
2, 3, 2698303
List the prime factors of 163135.
5, 7, 59, 79
List the prime factors of 9174862.
2, 4587431
What are the prime factors of 523774?
2, 261887
List the prime factors of 195785.
5, 39157
List the prime factors of 12450374.
2, 6225187
List the prime factors of 268666.
2, 134333
List the prime factors of 157801.
7, 22543
What are the prime factors of 395935?
5, 79187
What are the prime factors of 447041?
7, 63863
What are the prime factors of 229222?
2, 7, 2339
List the prime factors of 3487036.
2, 7, 17791
What are the prime factors of 15734000?
2, 5, 7867
List the prime factors of 8616958.
2, 7, 615497
What are the prime factors of 462483?
3, 7, 2447
What are the prime factors of 4050809?
7, 578687
List the prime factors of 210470.
2, 5, 13, 1619
List the prime factors of 380830.
2, 5, 38083
What are the prime factors of 5257098?
2, 3, 7, 11, 3793
List the prime factors of 455544.
2, 3, 19, 37
What are the prime factors of 96240?
2, 3, 5, 401
What are the prime factors of 147253?
147253
What are the prime factors of 2584782?
2, 3, 17, 8447
List the prime factors of 698230.
2, 5, 13, 41, 131
List the prime factors of 2030319.
3, 29, 2593
What are the prime factors of 1332469?
73, 18253
What are the prime factors of 336165?
3, 5, 73, 307
What are the prime factors of 74772?
2, 3, 31, 67
What are the prime factors of 149506?
2, 7, 59, 181
List the prime factors of 364451.
364451
What are the prime factors of 2559769?
2559769
List the prime factors of 313947.
3, 34883
List the prime factors of 1701746.
2, 41, 20753
What are the prime factors of 5183920?
2, 5, 7, 9257
List the prime factors of 1048143.
3, 349381
List the prime factors of 13000681.
23, 565247
List the prime factors of 479673.
3, 223, 239
List the prime factors of 65674.
2, 7, 4691
List the prime factors of 16780495.
5, 71, 47269
What are the prime factors of 41242?
2, 17, 1213
List the prime factors of 4613036.
2, 797, 1447
What are the prime factors of 169912?
2, 67, 317
List the prime factors of 540404.
2, 135101
What are the prime factors of 11709?
3, 1301
What are the prime factors of 276683?
11, 25153
List the prime factors of 14158226.
2, 307, 23059
What are the prime factors of 15123067?
521, 29027
List the prime factors of 5417643.
3, 7, 11, 47, 499
List the prime factors of 1211904.
2, 3, 263
List the prime factors of 16674499.
157, 106207
List the prime factors of 4130839.
4130839
What are the prime factors of 3985491?
3, 1328497
What are the prime factors of 42933?
3, 11, 1301
What are the prime factors of 1163500?
2, 5, 13, 179
List the prime factors of 2129176.
2, 7, 193, 197
List the prime factors of 643719.
3, 229, 937
List the prime factors of 3505764.
2, 3, 292147
What are the prime factors of 165710?
2, 5, 73, 227
What are the prime factors of 764083?
23, 139, 239
List the prime factors of 15410961.
3, 1712329
List the prime factors of 9090924.
2, 3, 757577
List the prime factors of 4572537.
3, 1524179
What are the prime factors of 371556?
2, 3, 10321
List the prime factors of 2599940.
2, 5, 7, 379
What are the prime factors of 2331432?
2, 3, 32381
What are the prime factors of 394866?
2, 3, 21937
List the prime factors of 760156.
2, 59, 3221
What are the prime factors of 210173?
210173
List the prime factors of 96076.
2, 24019
What are the prime factors of 1427449?
23, 53, 1171
What are the prime factors of 368895?
3, 5, 24593
What are the prime factors of 2546169?
3, 23, 36901
What are the prime factors of 380778?
2, 3, 63463
What are the prime factors of 269997?
3, 7, 13, 23, 43
List the prime factors of 972451.
17, 57203
What are the prime factors of 5486901?
3, 7, 261281
What are the prime factors of 270538?
2, 17, 73, 109
List the prime factors of 4142804.
2, 41, 25261
List the prime factors of 82020.
2, 3, 5, 1367
What are the prime factors of 3244005?
3, 5, 72089
List the prime factors of 636566.
2, 7, 41, 1109
What are the prime factors of 1274596?
2, 19, 31, 541
What are the prime factors of 2781444?
2, 3, 31, 7477
List the prime factors of 248826.
2, 3, 113, 367
What are the prime factors of 576435?
3, 5, 83, 463
What are the prime factors of 2176870?
2, 5, 217687
List the prime factors of 110067.
3, 19, 1931
List the prime factors of 3075190.
2, 5, 181, 1699
What are the prime factors of 3899659?
29, 134471
What are the prime factors of 78245?
5, 15649
